g. What is the thousands digit of d?
1
Suppose -42*w + 103911 = -168832 - 20249. What is the tens digit of w?
7
Suppose -h + 5*h - 2*m = -54, -3*h - 2*m = 30. Let f be (-5*(-3)/30)/((-2)/h). Suppose f*x - 336 = -4*d, -5*x + 6*x + 178 = 2*d. What is the units digit of d?
7
What is the units digit of (-23160)/48*(-42)/15?
1
Suppose 20*s + a + 66531 = 24*s, 3*s = -5*a + 49858. What is the hundreds digit of s?
6
Suppose 2*y = 5*x + 4098 - 29177, -3 = -y. What is the units digit of x?
7
Suppose -894*j - 5 = -895*j. Suppose -3570 = -j*i - p - 460, 4*i = -3*p + 2477. What is the hundreds digit of i?
6
Let a(q) = q**3 - 10*q**2 + 14*q + 7. Let u be a(8). Let w(f) = -69*f - 10. What is the tens digit of w(u)?
1
Let b(d) = 83*d - 15. Let i be b(-5). What is the units digit of (i/(-25))/(42/20 + -2)?
2
Let a(d) = 13*d + 251. Let v be a(-56). Let b = v - -699. What is the hundreds digit of b?
2
Suppose 2*y - y + n - 6 = 0, -3*y + n = -34. Let h(g) = g - 8. Let m be h(y). What is the units digit of m/(-3)*3*(1 - 8)?
4
Let l(o) = -o**3 + 2*o**2 + o + 2. Let n be l(0). Let m(v) = 102*v - 7. What is the tens digit of m(n)?
9
Let m(c) = 3343*c + 7381. What is the thousands digit of m(11)?
4
Let y(p) be the second derivative of p**5/20 + 2*p**4 - 29*p**3/3 + 42*p**2 + 3*p + 3. What is the tens digit of y(-26)?
4
Let a = -2 + 12. Let c be (-6)/(-3)*(a + 0). What is the units digit of (-32 - -1)/((c/5)/(-12))?
3
Let l(n) = 521*n - 3580. What is the tens digit of l(27)?
8
Suppose -21931 = -31*k + 5876. Suppose 0 = -5*j - 20, 6*z - 5*z + 5*j = k. What is the hundreds digit of z?
9
Let u(w) = 2*w**3 + 36*w**2 - 8*w - 35. Suppose -15*h + 32*h = -306. What is the tens digit of u(h)?
0
Let s(f) = f**2 + 7*f + 4. Let q be s(-7). Suppose 2*i - b + 37 = 0, 3*i + q*b = 2*i - 32. What is the units digit of 105*(-2)/(i/6)?
3
Let u = 110 + 205. Let k = -3 + 5. Suppose -p = -k*r - 0*p + 126, 0 = 5*r + 2*p - u. What is the tens digit of r?
6
Let c(t) = -182*t + 14. Let m(k) = -k**2 - 42*k - 303. Let s be m(-33). What is the thousands digit of c(s)?
1
Suppose -19*f + 589458 + 81850 = 0. What is the tens digit of f?
3
Suppose z + 3*z + 36 = p, -3*z + 3*p = 36. Let h be (z/6)/(36/(-3834)). Let y = h - -2. What is the hundreds digit of y?
1
Let y be 126/(-2)*(-120)/(-28). Let w be y - 0 - (-7)/(-7). Let q = 436 + w. What is the hundreds digit of q?
1
Let j = 667 - 529. Suppose 131*q + 6902 = j*q. What is the tens digit of q?
8
Suppose -23*r = -140*r + 629694. What is the hundreds digit of r?
3
Let j(b) = b**3 + 47*b**2 - 110*b - 452. What is the ten thousands digit of j(-43)?
1
Let i = -14 - -30. What is the tens digit of ((-261)/12)/((-2)/i)*1?
7
Let t(w) = -3688*w - 7574. What is the hundreds digit of t(-10)?
3
Suppose 4*z - 4 = 0, -5*z = -5*h + 37 + 28. Let s(u) = u**2 - 9*u - 7. Let f be s(9). What is the units digit of f*(1140/h)/(-5)?
4
Let z be (-1)/(-3) + 15/(315/(-8974)). Let q = 1013 + z. What is the tens digit of q?
8
Let i(j) = 17 - 2*j + 3*j - 5 + j**2 - 13 + 561*j**3. Let s be i(1). Let v = s + -328. What is the units digit of v?
4
Let y(p) = -p**3 - 17*p**2 + p + 9. Suppose -2 = 2*a, -5*a - 19 + 99 = -5*d. Let o be y(d). What is the tens digit of (-49 - -9)*6/o?
3
Let n = 10424 - 5034. What is the units digit of n?
0
Suppose 0 = 20*v - 17*v - 18. Suppose -7 - 11 = -v*q. Suppose q*n + 22 - 121 = 0. What is the tens digit of n?
3
Let w = 18572 - 81. What is the tens digit of w?
9
Let n(f) = 115*f**2 - 2*f + 3. Let g be n(-1). Let s = 249 - g. What is the hundreds digit of s?
1
Let o = 873 - 855. What is the hundreds digit of (0 + o/(-12))*1252/(-3)?
6
Suppose 72 = z + 5*a - 30, -z = -2*a - 81. Let o = 36 - z. Let p = 56 - o. What is the units digit of p?
7
Let g(c) = 2*c + 31. Let s be g(-4). Suppose -s*k + 31*k = 7160. What is the units digit of k?
5
What is the tens digit of 23421/(-2)*-7*(-32)/(-48)?
4
Let t = 219 - 198. What is the units digit of (-6)/t - (-2095)/(-35)*-5?
9
Suppose 14*r + 177 = 11*r. Let w = r + 57. Let d(j) = 32*j**2 + 4*j + 4. What is the tens digit of d(w)?
2
Let c be -6 + 6 - ((-8 - 3) + 3). Let u(o) = 14*o + 29. What is the hundreds digit of u(c)?
1
Let s = 503 - -427. Suppose 27*m - 21*m = s. What is the tens digit of m?
5
Let p be (-1 - -4)/((-4)/8 + 1). Suppose 4*x = p*x - 38. Suppose -2*o + x = 5*c, -3*c + 5 = o + c. What is the units digit of o?
7
Let b be 3 + (37305/5)/((-3)/(-2)). Suppose -2*v + 6*h - 2*h + 2484 = 0, h = -4*v + b. What is the thousands digit of v?
1
Suppose a + 5 = 2*d, d = -5*a + 4*d + 10. Suppose 4*y + 1528 = a*s, 3*y + 311 = s + 4*y. What is the hundreds digit of s?
3
Let r(y) = -2*y**2 - 38*y + 44. Let g be r(-20). Suppose -g*w + 5*w = 4. Suppose -3 = 3*k, 2*k + 221 = w*b - 317. What is the tens digit of b?
3
Suppose 0 = 6*o - 4*o + 806. Let c = 650 + o. What is the hundreds digit of c?
2
Let h(d) be the third derivative of d**6/120 - d**5/20 + 5*d**4/24 - d**3/2 - d**2. Let y = -2764 - -2769. What is the tens digit of h(y)?
7
Let o(y) = -23*y**3 - 14*y**2 - 13*y + 12. What is the units digit of o(-6)?
4
Suppose 5*s - 2*r = -14, -8*s - 2*r - 26 = -3*s. What is the hundreds digit of (-52734)/(-425) + s/50?
1
Suppose 0*b - 136 = -b. Let w = 1337 - 1014. Let m = w - b. What is the tens digit of m?
8
Suppose 9*n = 13*n - 1736. Suppose 2*o = 7*o - 15. Suppose 0 = -o*y + 4 + n. What is the hundreds digit of y?
1
Suppose -4*s + 0 - 44 = -4*f, 5*s + 35 = 3*f. Let r be f/15 + (-2)/(-6). Suppose -3*y = -41 - r. What is the tens digit of y?
1
Let u = 42210 + -26555. What is the thousands digit of u?
5
Let h = -61 + 2043. What is the units digit of h?
2
Suppose -2*r = -8 - 0. Suppose 7*u - 1200 = u. Suppose 4*b - r*a - u = 0, 4*b + 5*a = a + 160. What is the units digit of b?
5
Let u(x) = 41*x**2 + 23*x + 79. What is the thousands digit of u(13)?
7
Suppose -4 - 12 = -4*k, 0 = -4*v - k + 104. Suppose -20*j = -v*j + 20. Suppose 3*s = 4*o + 158, -j*s - o + 28 = -189. What is the tens digit of s?
5
Let i(q) = 81*q**2 + 94*q - 93. What is the hundreds digit of i(9)?
3
Let g(q) = 34*q**2 - 3*q - 8. Suppose -5*x = 4*n + 35, 3*n + 32 - 5 = -4*x. What is the hundreds digit of g(x)?
3
Suppose -44*f + 351270 = -165378. What is the thousands digit of f?
1
Suppose -6*r + 0 = -12. Suppose 4*q = 2*t + 14, 5*t = -r*q + 6*q - 5. What is the units digit of 11/(66/(-368))*t/(-2)?
2
Suppose 67*d = 76*d + 396. What is the units digit of (521 + 1)*(-4 - d/8)?
3
Suppose 911778 = -335*o + 369*o. What is the ten thousands digit of o?
2
Suppose -15*l + 20 = 2*z - 12*l, -5*z + l = -16. Let b(p) = 6*p**3 - p**2 - 15*p + 27. What is the tens digit of b(z)?
3
Let q be 2 + 8/(64/(-40)). Let r(p) = 180*p**2 - 8*p + 1. What is the units digit of r(q)?
5
Let f = -203 - -204. What is the tens digit of 86 - (-18 + 16 - -1*f)?
8
Let x be 20/(-330)*-11 - 86/(-6). What is the units digit of 4/2 + x + 82?
9
Let h = -467 + 1248. What is the tens digit of h + (-5)/1 + -3?
7
Suppose 0 = 64*x - 79*x. Suppose 7080 = 15*d - x*d. What is the units digit of d?
2
Suppose 0 = -w + 4, -2*k + 7*k - w - 7441 = 0. What is the thousands digit of k?
1
Let i = -5756 - -11414. What is the units digit of i?
8
Suppose b = -v + 11601, 0 = -2120*b + 2121*b - v - 11595. What is the hundreds digit of b?
5
Let p(r) = 293*r**2 - 38*r + 4. What is the thousands digit of p(-5)?
7
Let d(i) = 330*i**3 - i**2 + i - 3. Let a(o) = 331*o**3 - o**2 - 2. Let k(h) = -3*a(h) + 2*d(h). What is the units digit of k(-1)?
2
Suppose f = -f + 4, 0 = i + 4*f - 39. Let h(w) = -2*w**2 + 78*w - 45. What is the units digit of h(i)?
1
Let b(n) = -143*n + 54. Let f be b(-4). Let c = f - 141. What is the hundreds digit of c?
4
Suppose -4281 = -8*m + 3335. Let w = -664 + m. What is the tens digit of w?
8
Suppose -38*c + 68 = -36*c. Let n(j) = -j**3 + 34*j**2 + 24*j - 66. What is the units digit of n(c)?
0
Let k = 7759 + 24252. What is the thousands digit of k?
2
Let a(x) = 3*x - 1. Let l(w) = 23*w - 15. Let c(d) = 2*a(d) - 2*l(d). What is the hundreds digit of c(-16)?
6
Suppose 3*q - 2*q - 87 = 0. Let z = q - 50. What is the units digit of z?
7
Let i = -7672 - -14925. What is the thousands digit of i?
7
Suppose 7*n + 14625 = 4*p + 4*n, 0 = -4*p + 4*n + 14624. What is the hundreds digit of p?
6
Suppose 4*u + y + 3